= 5*h - 26, -4 = 5*p - i*h + 2. Suppose p*t + 3 = 25. What is the units digit of t?
1
Let t(a) = 26*a - 1. What is the tens digit of t(2)?
5
Suppose -2*s - 90 = 5*w, 4*w = -w + 2*s - 110. Let k = w + 32. Suppose 2*m = 3*l + 5*m - k, -8 = 2*m. What is the units digit of l?
8
Let d(t) = 9*t**3 + t**2 + t. Let j be d(-1). Let n = 62 + j. What is the units digit of n?
3
Let x = 3 - 0. Let n = -5 + x. What is the units digit of n/(-4) + 2/4?
1
What is the hundreds digit of (-1230)/12*(-2 - 4 - -4)?
2
Suppose -3*h = -0*h - 3. What is the units digit of h?
1
Let p(a) = a - 4. Let s be p(4). Suppose s = -2*r - 3*r. Suppose 0*c = 4*l - 2*c - 26, 5*l + c - 22 = r. What is the units digit of l?
5
Let x(v) = v**3 + 6*v**2 + 6*v + 4. Let w(c) = -c**3 + 2*c**2 + 4. Let g be w(3). Let d be x(g). Let j(i) = -6*i + 1. What is the units digit of j(d)?
7
Suppose -8*i = -16*i + 944. What is the units digit of i?
8
Suppose 7 = y + 2. Suppose -6*c + 28 = -3*c + 4*i, 4*c - 36 = -y*i. Suppose -5*w - 16 - c = -5*r, 2*w = 8. What is the units digit of r?
8
Let s be (-1)/1 + 21 + -5. Suppose s + 5 = 4*x. Suppose 76 = 4*z - 0*i + 2*i, x*z - 4*i - 108 = 0. What is the units digit of z?
0
Suppose -2*z = -z - 65. Let k = z + -44. What is the units digit of k?
1
What is the units digit of 1 + 13/(-11) - 5352/(-33)?
2
Let c = -63 + 106. What is the tens digit of c?
4
Suppose 0 = 5*f + x - 253, 4*f - 4*x - 88 = 2*f. What is the tens digit of f?
5
Suppose 3*d + 159 = 4*j, 129 = -0*j + 4*j + 3*d. What is the units digit of j?
6
Let j(p) = -6 + p**2 + 0 + 3 - 2*p. What is the units digit of j(4)?
5
Suppose 0 = q + 3*q - 4. Let x = 7 + q. What is the units digit of x?
8
What is the units digit of (-18)/(-4) + 10/(-20)?
4
Let g be 0 - -2 - (-4)/(-2). Suppose -x = u - 10, g = -5*u - x + 32 + 2. What is the units digit of (-4)/((-16)/u)*2?
3
Let k = -31 - -54. What is the units digit of k?
3
Suppose 2*v + 211 = 5*p, -3*p + 0*v + 119 = -5*v. Suppose 4*i + 0*i - o - p = 0, -o - 7 = -i. What is the units digit of i?
2
Let w be -2*4/8 + -6. Let r be 0 - -2 - 19/(-1). What is the tens digit of ((-54)/r)/(1/w)?
1
Suppose 3 = l, -m + l + 16 = -4. Suppose m = 4*d - 25. What is the units digit of d?
2
Suppose -6*w + 2*k = -2*w - 772, 3*w - 569 = -k. What is the units digit of w?
1
Suppose 140 - 2 = l. What is the tens digit of l?
3
Let p(w) = 21*w. Let r be p(2). Let g = -18 + 20. Suppose -3*l + 7*y = 4*y - r, 0 = -l - g*y + 11. What is the units digit of l?
3
Suppose 4*l + 3*p - 455 = 0, -l = -5*l + 3*p + 473. What is the hundreds digit of l?
1
Let y(s) be the third derivative of -s**6/120 - s**5/30 + 7*s**4/24 + s**3/2 + s**2. What is the units digit of y(-5)?
3
Let v = -323 + 517. What is the units digit of v?
4
Let v be 2 - -141 - 1*-2. Suppose -v + 53 = -4*u. What is the units digit of u?
3
Let v(k) = k - 3. Let u be v(9). Let q be (-9)/u*76/(-6). Suppose 5*r - 21 = q. What is the units digit of r?
8
Suppose 3*r + q = 228, 2*r - 3*q + 0*q - 152 = 0. Suppose -r = -4*p - 4*c, -2*c - 78 = -3*p + 2*c. Suppose -4*o + 30 = -p. What is the tens digit of o?
1
Let a = 515 + -293. What is the units digit of a?
2
Let d = -183 + 303. Suppose 8*h - 11*h = -d. What is the units digit of h?
0
Let k(t) = -t**3 - 3*t**2 - 4*t - 2. Let x be (3 - 4)/3*-12. Suppose -r + 3*r = -x. What is the units digit of k(r)?
2
Let i(z) = 17*z**3 + 7*z**2 - z. Let c(v) = 16*v**3 + 8*v**2 - 2*v. Let j(l) = 3*c(l) - 4*i(l). Let b be j(-2). What is the units digit of 2/(-7) - b/(-28)?
5
Let d(n) be the third derivative of -n**6/60 - n**5/15 - n**4/6 - 2*n**3/3 + 5*n**2. What is the units digit of d(-3)?
6
Let d(n) = n**2 + 6*n + 4. Let z be d(-6). Suppose 2*i - 2*a + z*a = -2, 2*a = -3*i. Suppose 3 = -i*h + 5. What is the units digit of h?
1
Let c(m) = -m**3 - 20*m**2 + 20*m + 9. What is the units digit of c(-21)?
0
Let t(z) = 0 + 1 + 0*z**2 + 2*z**2 + 13*z**3 - 2*z. What is the units digit of t(1)?
4
Let t(a) = -a**2 - 7*a + 2. Let g be t(-6). Suppose -2*z = -0*z - g. Suppose z*p - 5 = p + 4*b, 0 = p + 4*b - 23. What is the units digit of p?
7
Let c be 3/(3/(-2) - -2). Suppose -69 = -5*t - 4*l, -4*t + 59 = l + c. What is the tens digit of t?
1
Let l be (3 - 1*-26) + -3. Let r = l - 9. What is the units digit of r?
7
Suppose 2*k = -k + 21. Suppose -5*o = -21 - 4. Let p = k - o. What is the units digit of p?
2
Let c(y) = -y**2 - y + 1. Let m be c(-2). What is the tens digit of m - (3 - 4)*17?
1
Let r(y) = 4*y. Let x be r(-3). Let s = 17 + x. What is the units digit of s?
5
Let w(n) = -4*n + 23. Let j be w(11). Let i = 35 + j. What is the units digit of i?
4
Let q(n) = -n - 1. Let i be (1 + 5)*(-16)/12. Let x be q(i). Suppose 2*b + 2*m = 3 + x, -2*b - 5*m = 5. What is the tens digit of b?
1
Suppose -5*i - 2*r + 6 = -14, 0 = -i + 2*r - 8. What is the units digit of ((-184)/12)/(i/(-3))?
3
Suppose -3*y = y - 168. What is the units digit of y?
2
What is the tens digit of -2*(4/(-2) - 137/2)?
4
Let w = 135 - -46. What is the units digit of w?
1
Suppose 5*g + x = 89, 0 = 2*g + 3*x + 16 - 62. What is the units digit of g?
7
Let n(t) = t**2 + 4*t - 3. Let c be n(-5). Suppose -3*u - 4*f = -46, 3*u - 72 = -2*u - c*f. What is the units digit of u?
4
Let a(j) = -j**3 - 9*j**2 - 10*j - 11. Let r be a(-8). Suppose -4*o = -20, r*o = p + 2*o + 13. Suppose p*k + k - 3 = 0. What is the units digit of k?
1
Suppose 0 = -3*l + t + 22, 2*t + 32 = 5*l - 2*t. What is the units digit of (11 - l) + (-1 - -30)?
2
Suppose -4*q = 3*m + 27, 2*m = -2*q + 5*m - 27. Let x = -4 - q. Let i = x + -4. What is the units digit of i?
1
Let l(a) = -a**2 - 6*a - 6. Let w = 10 - 6. Suppose 2*g + w*j = 3*j - 8, g + 4 = 4*j. What is the units digit of l(g)?
2
Suppose 12*d - 14*d = 96. Let n = -4 - d. What is the units digit of n?
4
Suppose -b = -5*b + 88. Suppose b = 5*f - 43. Let o = -2 + f. What is the units digit of o?
1
Let i(y) = -y**2 + 9*y - 5. Let p(q) = -q**3 + 5*q**2 - 2*q + 2. Let t be p(2). Let o = t + -2. What is the units digit of i(o)?
3
Suppose 323 = 6*s - 187. What is the units digit of s?
5
Let s(k) be the first derivative of -5*k**2/2 - 3*k - 3. What is the units digit of s(-2)?
7
Suppose -4*z + u = -29, 4*z + 0*u = -3*u + 9. Suppose -z*y = -y - 5. What is the units digit of y?
1
Let b(z) = -75*z - 3. What is the units digit of b(-1)?
2
Let z = 153 - 102. What is the tens digit of z?
5
Suppose -8*b + 48 = -4*b. What is the tens digit of b?
1
Suppose 3*p = 5*p + 2*f - 118, -f - 127 = -2*p. What is the units digit of p?
2
Let a be (-2)/(-8) - 38/(-8). Suppose 8 = -3*w - a*b, w = -0*w + 2*b + 12. Suppose 1 = -5*n + w*f + 64, 0 = -n + 5*f + 21. What is the tens digit of n?
1
Let a = -7 + 8. Suppose -3*n = -h + 2, 0*n + h = 4*n + a. What is the units digit of n?
1
Let n(b) = -b**3 - b**2 - 3*b - 2. Let t be n(-2). Suppose 2*j = -0*j + t. What is the units digit of j?
4
Let u(c) be the third derivative of -c**4/24 + 7*c**3/6 + c**2. Let l be -16*(-1)/2 + -3. What is the units digit of u(l)?
2
Let q(c) = 2*c - 2. Let x be (-8)/12*(0 + -21). Suppose -x = -5*o + 3*o. What is the units digit of q(o)?
2
Let h = -96 + 173. What is the tens digit of h?
7
Let y = -14 + 17. What is the tens digit of y + -1 + 70/7?
1
What is the units digit of -4 - (0 + (-1 - 82))?
9
Suppose -4*t = 3*b - 19 - 0, 7 = 3*t - 5*b. Let i = 11 - 9. Suppose t*l - 4 = i*l. What is the units digit of l?
2
Let o(x) = -x**3 - 3*x**2 - 4*x - 2. Let i be o(-3). Suppose -1 + i = 3*s. Suppose 2*n = 2*f - 20, f = -s*n - 2*n - 20. What is the units digit of f?
5
Let o be 1/((-2)/2) - -2. Let b(z) = z**2 - 8*z + 11. Let f be b(7). Let v = f - o. What is the units digit of v?
3
Let s(w) = w**2 - 6*w - 11. What is the tens digit of s(16)?
4
Suppose 3*o = 3*m + 1179, 2*m = 2*o + m - 781. What is the units digit of o?
8
Let o = -1 + -6. Let j(n) = -n**3 - 6*n**2 + 6*n + 10. What is the tens digit of j(o)?
1
Let l(j) = j + 1. Let x(w) = 7. Let o(g) = 2*l(g) - x(g). What is the units digit of o(4)?
3
Suppose -w = -x + 14, -3*x - 56 = 4*w + 28. What is the tens digit of 2/9 - 194/w?
1
Let s(a) = -6 + 3*a + 8 + 0 - a**2. Let v be s(3). What is the units digit of 2*v/(-8)*-20?
0
Let d(p) = p**2 + 76. What is the tens digit of d(0)?
7
Let n(w) be the first derivative of -w**4/4 - 7*w**3/3 - 3*w**2 - 7*w -